ghest common factor of m and 2.
1
Let d be -406*2/6*18/(-12). Suppose -b + 29 = 2*o, 4*b = 5*b + 5*o - 29. What is the highest common factor of b and d?
29
Let y(m) = -25*m + 12. Suppose 5*k - 38 + 8 = 0. Suppose -17*r + 18*r = -k. Let d be y(r). Calculate the highest common factor of d and 18.
18
Suppose 3*w = 7*w - 12. Suppose w*a - 2*y - 29 = 2*y, 5*y - 20 = 0. Let z = 13 - 7. What is the highest common divisor of z and a?
3
Let l be 6/8*2 - (-4785)/174. Calculate the greatest common factor of 551 and l.
29
Suppose 2*m + 7 = 3*m. Let r be (-6)/(-21) + 166/m. Suppose -10*l + 6*l = -r. Calculate the highest common divisor of l and 6.
6
Suppose -45*z + 4 = -44*z. Let l(d) = d**3 - 3*d**2 + 5*d - 7. Let x be l(z). What is the greatest common divisor of x and 29?
29
Let b(u) = 11*u**2 + 7*u + 23. Let l be b(-6). Calculate the greatest common factor of l and 117.
13
Let y(b) = -4*b. Let k be y(-1). Suppose 14*p - 41 = 11*p - 5*m, 3*p + m = 37. Calculate the highest common divisor of p and k.
4
Let x = 1209 + -1147. Calculate the greatest common divisor of 682 and x.
62
Suppose 4*r + 4 = 0, 0*r - 2*r - 332 = -3*c. What is the greatest common factor of c and 66?
22
Let r(n) = -13*n - 251. Let d be r(-26). Calculate the greatest common factor of 203 and d.
29
Let q = 84 - 40. Let h be 2 - ((-99)/q + 1/4). Calculate the greatest common divisor of h and 6.
2
Suppose 4*u + 72 = 2*u. Let w = u - -40. Calculate the greatest common divisor of 32 and w.
4
Let i(r) = r**3 - 3*r**2 - r + 3. Suppose 8*y - 6 = 6*y. Let b be i(y). Suppose b = 3*p - 6*p + 84. What is the highest common factor of 70 and p?
14
Let o be -1*124/8 - (-4)/8. Let r = o - -155. Calculate the greatest common factor of 40 and r.
20
Let q = 12 + 1. Let m be -5*3/(-9) + (-2)/(-6). Suppose m*n + 0*f - 84 = -2*f, 5*n + 4*f = 207. Calculate the highest common factor of q and n.
13
Let k(w) = w**3 + 3*w**2 - 2*w - 3. Let v be k(-3). Let r = v + -6. Let a = 3 - r. What is the highest common divisor of a and 54?
6
Suppose 2*j - 10 = -3*j, 3*y + 4*j = 83. Calculate the greatest common divisor of y and 500.
25
Let g be 2 - (-1 + 4 - 3). Suppose -2*u + 74 = 4. Suppose 0 = 4*c - 3*q - u, -13 = -g*c + c + 5*q. Calculate the highest common divisor of c and 2.
2
Let b(f) = -f**2 - 25*f - 86. Let n be b(-19). Suppose 0 = h - 38 - 214. Calculate the greatest common divisor of h and n.
28
Let j(h) = h**3 - 11*h**2 + 37*h - 21. Let d be j(11). Let f = -225 + d. What is the greatest common divisor of 23 and f?
23
Let f be ((-4)/(-3))/(4/(-102)). Let q = 8 - f. Suppose 5*c - 141 = y, 4*c - 4*y - 116 = -0*y. What is the greatest common divisor of c and q?
14
Let r(j) = j**2 - 13*j - 72. Let f be r(-5). What is the highest common divisor of 288 and f?
18
Let z = 82 + -64. Calculate the greatest common divisor of z and 117.
9
Let g be (-8)/44 + 996/33. Let z = 28 + -13. Calculate the greatest common divisor of z and g.
15
Let h = -54 + 82. Let b be (-82)/(-3) - (-6)/9. What is the highest common divisor of b and h?
28
Suppose 0 = -5*z + 5*r + 360, z + 0*r + r = 72. Let d be ((-2)/4)/(4/(-304)). Let u = d - 20. Calculate the greatest common factor of z and u.
18
Suppose 0 = 3*t - r - 46, -5*t + 0*t = -r - 80. Calculate the highest common factor of 221 and t.
17
Let q(y) = 2*y - 8. Let z be q(11). Suppose -j - 20 = -6*j. Let l(g) = 2*g - 6. Let o be l(j). What is the greatest common factor of o and z?
2
Suppose 0 = -j + 1, -5*u + 2*j = -239 - 299. Calculate the highest common factor of 8 and u.
4
Let t = -3 + 24. Suppose -4*p + 743 = 71. Calculate the greatest common factor of t and p.
21
Suppose -6*r - 18 = -0*r. Let a be 110/8 - 2*r/24. Calculate the highest common divisor of a and 182.
14
Suppose 8*k = 10*k + 4. Let f be 8/6*(-9)/k. Calculate the greatest common divisor of f and 4.
2
Let w = 43 - 31. Suppose 16 = 2*a + 5*z, 2*z - 35 = -3*a + 11. Calculate the highest common factor of w and a.
6
Let i be (-14)/18 + 2/(-9) + 13. Let v(u) = 7*u - 6. Let n be v(6). What is the greatest common divisor of i and n?
12
Let r be ((-105)/9 - 3)*-12. What is the greatest common factor of 32 and r?
16
Let q be 1/(112/(-36) + 3). Let v be (-43)/q - (-22)/99. Let i be 116/2 - (v - 3). Calculate the greatest common divisor of 8 and i.
8
Let h be (46/6)/(-8 - 25*(-3)/9). Let i = -235 + 442. What is the highest common factor of i and h?
23
Suppose 5*t + 5*c = 185, 5*t - t - c = 148. Calculate the greatest common divisor of 481 and t.
37
Suppose 7*x - 5*x - 32 = 0. Let y be (-271)/(-3) - (-2)/(-6). Suppose 28 = 2*q - q + 2*z, 0 = -4*q + 3*z + y. Calculate the greatest common factor of q and x.
8
Let n = 2432 + -1591. Calculate the greatest common divisor of n and 58.
29
Let g = -59 - -82. Let m = g + -19. Let j be 67/3 + m/(-3). What is the greatest common divisor of j and 7?
7
Let c(j) = j**3 - 4*j**2 - 2*j - 11. Let o be c(5). Suppose -o*h = -207 - 185. Let l = h - 41. What is the highest common divisor of 19 and l?
19
Let q be 3 - ((10 - 2) + -1). Let l be 15/20*12 - q. Calculate the greatest common factor of 91 and l.
13
Let s = -70 + 73. Suppose 3*j + 5*t = 122, -s*t + 5*t + 136 = 3*j. What is the highest common factor of j and 352?
44
Suppose -p + 6*p - 12 = h, -2*h - p = -9. Suppose 7*a - h*a - 12 = 0. Let m be (49 + -3)/(a/3). What is the highest common divisor of m and 23?
23
Let x be (-4779)/(-6)*((-77)/(-33) - 1). What is the highest common factor of x and 236?
118
Let t(h) = -47*h - 2*h**2 + 49*h - 10*h**3 - 9*h**3 + 0*h**3 + 4. Let a be t(-2). What is the greatest common factor of 48 and a?
48
Let j be 3/((-45)/(-250))*3. Let f = j - 26. Calculate the greatest common divisor of f and 48.
24
Let j = -29 - -103. Calculate the highest common divisor of 2146 and j.
74
Suppose 6*d - 4 = -166. Let t = d - -28. Calculate the greatest common factor of 3 and t.
1
Let u = -98 + 107. Let j = -56 + 128. Calculate the greatest common divisor of u and j.
9
Let t(b) be the second derivative of -b**5/20 - b**4/3 - 2*b**3/3 - b**2 - 5*b. Let d be t(-3). Calculate the highest common divisor of d and 9.
1
Suppose j = 6*j. Suppose j = 3*c + 3*b - 963, 3 = b + 1. Let r be (-2940)/(-100) + (-2)/5. Calculate the highest common divisor of r and c.
29
Suppose 15*q - 930 = -16*q. Let u = 92 + 178. Calculate the greatest common factor of u and q.
30
Let z(t) = 14*t + 1. Let l be z(1). Suppose -3*a + 3*p + 6 = -l, 4*p - 53 = -5*a. Calculate the highest common divisor of 3 and a.
3
Let l be (-138)/(-9) - 2/(-3). Suppose 2*u + 2*u - 80 = -5*j, 0 = -j - 4*u + l. Calculate the greatest common factor of 16 and j.
16
Suppose 0 = 25*t - 40*t + 630. Calculate the greatest common divisor of t and 84.
42
Let a be 2/(-36) + (-97185)/(-1674). What is the greatest common factor of 174 and a?
58
Suppose 180*a - 178*a = 330. What is the greatest common factor of 5 and a?
5
Let m = -415 - -424. Let d = 249 - 168. Calculate the greatest common factor of d and m.
9
Suppose 7*s - 2080 = -19*s. Calculate the greatest common factor of 360 and s.
40
Let x = -9 - -270. Calculate the highest common divisor of 18 and x.
9
Suppose 2*z + 70 + 22 = 3*s, s - 3*z - 33 = 0. Suppose 0 = q - 5, 5*q + 0*q - 225 = -4*h. Calculate the highest common factor of h and s.
10
Suppose -3*v - 12 + 60 = 0. Let q = -236 - -240. What is the highest common factor of q and v?
4
Let w be 2904/56 - (-3)/21. Let f(r) = -r + 12. Let j be f(6). Suppose -p + 20 = -j. Calculate the highest common factor of w and p.
26
Let q = 2408 + -2320. Calculate the greatest common factor of q and 8.
8
Let b(h) = -h**2 + 10*h + 18. Let u be b(0). Let i be ((-4)/3)/((-6)/81). What is the highest common factor of i and u?
18
Suppose 2*x = -4*a + 156, 3*x + 108*a - 226 = 104*a. Calculate the greatest common factor of 385 and x.
35
Let i = 212 - -76. Suppose -307 - i = -7*u. What is the highest common divisor of u and 34?
17
Let q = 15 - 3. Suppose 3*z + q = -z. Let r be 5*z*(-26)/65. Calculate the highest common factor of 3 and r.
3
Let k be -2 + 44 - (0 + -2). What is the greatest common divisor of 8 and k?
4
Suppose -60 = -y - 2*h - 21, -3*h - 64 = -2*y. Suppose 9*t - 4*t = y. Suppose 0 = 2*p + 3*p - 35. Calculate the greatest common factor of t and p.
7
Let d = 49 - 38. What is the greatest common divisor